{"id":13086,"date":"2020-01-05T11:26:28","date_gmt":"2020-01-05T10:26:28","guid":{"rendered":"http:\/\/new.waclaw.radom.pl\/?page_id=13086"},"modified":"2020-01-19T21:37:09","modified_gmt":"2020-01-19T20:37:09","slug":"fundatorzy","status":"publish","type":"page","link":"http:\/\/waclaw.radom.pl\/?page_id=13086","title":{"rendered":"Fundatorzy"},"content":{"rendered":"<div class=\"fusion-fullwidth fullwidth-box fusion-builder-row-1 nonhundred-percent-fullwidth non-hundred-percent-height-scrolling\" style=\"--awb-border-radius-top-left:0px;--awb-border-radius-top-right:0px;--awb-border-radius-bottom-right:0px;--awb-border-radius-bottom-left:0px;--awb-flex-wrap:wrap;\" ><div class=\"fusion-builder-row fusion-row\"><div class=\"fusion-layout-column fusion_builder_column fusion-builder-column-0 fusion_builder_column_1_1 1_1 fusion-one-full fusion-column-first fusion-column-last\" style=\"--awb-bg-size:cover;--awb-margin-bottom:0px;\"><div class=\"fusion-column-wrapper fusion-flex-column-wrapper-legacy\"><div class=\"fusion-text fusion-text-1\"><p>Radomska nekropolia posiada r\u00f3wnie\u017c swoich fundator\u00f3w i opiekun\u00f3w, ws\u0301r\u00f3d nich sa\u0328:<\/p>\n<p>&#8211; <strong>Wojciech \u0141odwigowski<\/strong> pierwszy ofiarodawca 2 m\u00f3rg ziemi pod nowozak\u0142adany cmentarz,<\/p>\n<p>&#8211; obywatel i ogrodnik radomski <strong>Jakubin\u0301ski<\/strong>, kt\u00f3ry bezp\u0142atnie przewodniczy\u0142 pracom przy urza\u0328dzaniu cmentarza w latach 1888 \u2013 1891,<\/p>\n<p>&#8211; obywatel radomski <strong>Zdzin\u0301ski<\/strong>, kt\u00f3ry ofiarowa\u0142 kawa\u0142ek gruntu na wyr\u00f3wnanie drogi \u0142a\u0328cza\u0328cej cmentarz z \u201eszosa\u0328 starokrakowska\u0328\u201d,<\/p>\n<p>&#8211; <strong>Konstanty Mirecki<\/strong>, spo\u0142ecznik i filantrop, cz\u0142onek Dozoru Kos\u0301cielnego przeznaczy\u0142 znaczne sumy na zakup nowych grunt\u00f3w pod kolejne powie\u0328kszenie cmentarza,<\/p>\n<p>&#8211; <strong>Konstanty Lubon\u0301ski<\/strong>, prezes Towarzystwa Dobroczynnos\u0301ci i cz\u0142onek Dozoru Kos\u0301cielnego zajmowa\u0142 sie\u0328 pracami porza\u0328dkuja\u0328cymi cmentarz, opisa\u0142 wszystkie pomniki, epitafia i napisy (\u0142a\u0328cznie ok. 1600), znajduja\u0328ce sie\u0328 na grobowcach. Napisa\u0142 obszerna\u0328 monografie\u0328 cmentarza, kt\u00f3ra\u0328 opublikowa\u0142a \u201eGazeta Radomska\u201d w 1891 roku,<\/p>\n<p>&#8211; <strong>Jan Lubon\u0301ski<\/strong>, syn Konstantego, kontynuowa\u0142 prace swojego Ojca. Pos\u0301wie\u0328ci\u0142 opisywanej nekropolii rozdzia\u0142 w swojej Monografii historycznej miasta Radomia,<\/p>\n<p>&#8211; <strong>ks. J\u00f3zef Satryan<\/strong>, proboszcz farny. W\u0142oz\u0307y\u0142 wiele wysi\u0142ku przy uporza\u0328dkowaniu cmentarza w pierwszych latach jego istnienia np. obmurowanie, lokowanie poch\u00f3wk\u00f3w w kwaterach,<\/p>\n<p>&#8211; <strong>ks. Jan Kanty Grzybowski<\/strong>, wikariusz farny. Z jego inicjatywy i pod jego nadzorem dosz\u0142o do poszerzenia cmentarza w latach 1852 \u2013 1856. Wybrukowano droge\u0328 prowadza\u0328ca\u0328 w kierunku cmentarza, na jego polecenie M. Bayer sporza\u0328dzi\u0142 pierwszy (w historii nekropolii) plan cmentarza,<\/p>\n<p>&#8211; <strong>Grodzin\u0301ski Adam<\/strong>, dzia\u0142acz spo\u0142eczny w latach 1974 \u2013 1976 przeprowadzi\u0142 dokumentacje\u0328 oraz rejestracje\u0328 zabytkowych nagrobk\u00f3w na omawianym cmentarzu, by\u0142 spo\u0142ecznym opiekunem tego cmentarza.<\/p>\n<\/div><div class=\"fusion-image-element in-legacy-container\" style=\"--awb-caption-title-font-family:var(--h2_typography-font-family);--awb-caption-title-font-weight:var(--h2_typography-font-weight);--awb-caption-title-font-style:var(--h2_typography-font-style);--awb-caption-title-size:var(--h2_typography-font-size);--awb-caption-title-transform:var(--h2_typography-text-transform);--awb-caption-title-line-height:var(--h2_typography-line-height);--awb-caption-title-letter-spacing:var(--h2_typography-letter-spacing);\"><span class=\" fusion-imageframe imageframe-dropshadow imageframe-1 hover-type-none\" style=\"border-radius:5px;-webkit-box-shadow: 3px 3px 7px rgba(0,0,0,0.3);box-shadow: 3px 3px 7px rgba(0,0,0,0.3);\"><img decoding=\"async\" width=\"200\" height=\"300\" title=\"SONY DSC\" src=\"http:\/\/new.waclaw.radom.pl\/wp-content\/uploads\/2020\/01\/DSC02559-rotated-e1579466218216-200x300.jpg\" alt class=\"img-responsive wp-image-13236\" srcset=\"http:\/\/waclaw.radom.pl\/wp-content\/uploads\/2020\/01\/DSC02559-rotated-e1579466218216-200x300.jpg 200w, http:\/\/waclaw.radom.pl\/wp-content\/uploads\/2020\/01\/DSC02559-rotated-e1579466218216.jpg 400w\" sizes=\"(max-width: 1100px) 100vw, 200px\" \/><\/span><\/div><div class=\"fusion-text fusion-text-2\"><p>W 1995 roku powsta\u0142 Spo\u0142eczny Komitet Ochrony Zabytk\u00f3w Cmentarza w Radomiu. Jego celem statutowym jest kontynuacja prac dokumentacyjnych, renowacyjnych, konserwatorskich i badawczych zwi\u0105zanych z tym obiektem.<\/p>\n<p><em>Informacje zaczerpni\u0119to za zgod\u0105 autora z pracy magistersko-licencjackiej ks. Janusza Stanka \u201eCmentarz rzymskokatolickiej parafii s\u0301w. Jana Chrzciciela w Radomiu jako miejsce kultu chrzes\u0301cijan\u0301skiego\u201d, Lublin 1999.<\/em><\/p>\n<\/div><div class=\"fusion-clearfix\"><\/div><\/div><\/div><\/div><\/div>\n","protected":false},"excerpt":{"rendered":"","protected":false},"author":1,"featured_media":0,"parent":0,"menu_order":0,"comment_status":"closed","ping_status":"closed","template":"","meta":{"footnotes":""},"class_list":["post-13086","page","type-page","status-publish","hentry"],"_links":{"self":[{"href":"http:\/\/waclaw.radom.pl\/index.php?rest_route=\/wp\/v2\/pages\/13086","targetHints":{"allow":["GET"]}}],"collection":[{"href":"http:\/\/waclaw.radom.pl\/index.php?rest_route=\/wp\/v2\/pages"}],"about":[{"href":"http:\/\/waclaw.radom.pl\/index.php?rest_route=\/wp\/v2\/types\/page"}],"author":[{"embeddable":true,"href":"http:\/\/waclaw.radom.pl\/index.php?rest_route=\/wp\/v2\/users\/1"}],"replies":[{"embeddable":true,"href":"http:\/\/waclaw.radom.pl\/index.php?rest_route=%2Fwp%2Fv2%2Fcomments&post=13086"}],"version-history":[{"count":4,"href":"http:\/\/waclaw.radom.pl\/index.php?rest_route=\/wp\/v2\/pages\/13086\/revisions"}],"predecessor-version":[{"id":13239,"href":"http:\/\/waclaw.radom.pl\/index.php?rest_route=\/wp\/v2\/pages\/13086\/revisions\/13239"}],"wp:attachment":[{"href":"http:\/\/waclaw.radom.pl\/index.php?rest_route=%2Fwp%2Fv2%2Fmedia&parent=13086"}],"curies":[{"name":"wp","href":"https:\/\/api.w.org\/{rel}","templated":true}]}}

<div class="fusion-fullwidth fullwidth-box fusion-builder-row-1 nonhundred-percent-fullwidth non-hundred-percent-height-scrolling" style="--awb-border-radius-top-left:0px;--awb-border-radius-top-right:0px;--awb-border-radius-bottom-right:0px;--awb-border-radius-bottom-left:0px;--awb-flex-wrap:wrap;" ><div class="fusion-builder-row fusion-row"><div class="fusion-layout-column fusion_builder_column fusion-builder-column-0 fusion_builder_column_1_1 1_1 fusion-one-full fusion-column-first fusion-column-last" style="--awb-bg-size:cover;--awb-margin-bottom:0px;"><div class="fusion-column-wrapper fusion-flex-column-wrapper-legacy"><div class="fusion-text fusion-text-1"><p>Radomska nekropolia posiada również swoich fundatorów i opiekunów, wśród nich są:</p>
<p>&#8211; <strong>Wojciech Łodwigowski</strong> pierwszy ofiarodawca 2 mórg ziemi pod nowozakładany cmentarz,</p>
<p>&#8211; obywatel i ogrodnik radomski <strong>Jakubiński</strong>, który bezpłatnie przewodniczył pracom przy urządzaniu cmentarza w latach 1888 – 1891,</p>
<p>&#8211; obywatel radomski <strong>Zdziński</strong>, który ofiarował kawałek gruntu na wyrównanie drogi łączącej cmentarz z „szosą starokrakowską”,</p>
<p>&#8211; <strong>Konstanty Mirecki</strong>, społecznik i filantrop, członek Dozoru Kościelnego przeznaczył znaczne sumy na zakup nowych gruntów pod kolejne powiększenie cmentarza,</p>
<p>&#8211; <strong>Konstanty Luboński</strong>, prezes Towarzystwa Dobroczynności i członek Dozoru Kościelnego zajmował się pracami porządkującymi cmentarz, opisał wszystkie pomniki, epitafia i napisy (łącznie ok. 1600), znajdujące się na grobowcach. Napisał obszerną monografię cmentarza, którą opublikowała „Gazeta Radomska” w 1891 roku,</p>
<p>&#8211; <strong>Jan Luboński</strong>, syn Konstantego, kontynuował prace swojego Ojca. Poświęcił opisywanej nekropolii rozdział w swojej Monografii historycznej miasta Radomia,</p>
<p>&#8211; <strong>ks. Józef Satryan</strong>, proboszcz farny. Włożył wiele wysiłku przy uporządkowaniu cmentarza w pierwszych latach jego istnienia np. obmurowanie, lokowanie pochówków w kwaterach,</p>
<p>&#8211; <strong>ks. Jan Kanty Grzybowski</strong>, wikariusz farny. Z jego inicjatywy i pod jego nadzorem doszło do poszerzenia cmentarza w latach 1852 – 1856. Wybrukowano drogę prowadzącą w kierunku cmentarza, na jego polecenie M. Bayer sporządził pierwszy (w historii nekropolii) plan cmentarza,</p>
<p>&#8211; <strong>Grodziński Adam</strong>, działacz społeczny w latach 1974 – 1976 przeprowadził dokumentację oraz rejestrację zabytkowych nagrobków na omawianym cmentarzu, był społecznym opiekunem tego cmentarza.</p>
</div><div class="fusion-image-element in-legacy-container" style="--awb-caption-title-font-family:var(--h2_typography-font-family);--awb-caption-title-font-weight:var(--h2_typography-font-weight);--awb-caption-title-font-style:var(--h2_typography-font-style);--awb-caption-title-size:var(--h2_typography-font-size);--awb-caption-title-transform:var(--h2_typography-text-transform);--awb-caption-title-line-height:var(--h2_typography-line-height);--awb-caption-title-letter-spacing:var(--h2_typography-letter-spacing);"><span class=" fusion-imageframe imageframe-dropshadow imageframe-1 hover-type-none" style="border-radius:5px;-webkit-box-shadow: 3px 3px 7px rgba(0,0,0,0.3);box-shadow: 3px 3px 7px rgba(0,0,0,0.3);"><img decoding="async" width="200" height="300" title="SONY DSC" src="http://new.waclaw.radom.pl/wp-content/uploads/2020/01/DSC02559-rotated-e1579466218216-200x300.jpg" alt class="img-responsive wp-image-13236" srcset="http://waclaw.radom.pl/wp-content/uploads/2020/01/DSC02559-rotated-e1579466218216-200x300.jpg 200w, http://waclaw.radom.pl/wp-content/uploads/2020/01/DSC02559-rotated-e1579466218216.jpg 400w" sizes="(max-width: 1100px) 100vw, 200px" /></span></div><div class="fusion-text fusion-text-2"><p>W 1995 roku powstał Społeczny Komitet Ochrony Zabytków Cmentarza w Radomiu. Jego celem statutowym jest kontynuacja prac dokumentacyjnych, renowacyjnych, konserwatorskich i badawczych związanych z tym obiektem.</p>
<p><em>Informacje zaczerpnięto za zgodą autora z pracy magistersko-licencjackiej ks. Janusza Stanka „Cmentarz rzymskokatolickiej parafii św. Jana Chrzciciela w Radomiu jako miejsce kultu chrześcijańskiego”, Lublin 1999.</em></p>
</div><div class="fusion-clearfix"></div></div></div></div></div>
